{"id":15638,"date":"2021-07-09T23:28:57","date_gmt":"2021-07-09T21:28:57","guid":{"rendered":"https:\/\/banneux-nd.be\/bienvenido-a-banneux\/"},"modified":"2021-07-09T23:28:57","modified_gmt":"2021-07-09T21:28:57","slug":"bienvenido-a-banneux","status":"publish","type":"page","link":"https:\/\/banneux-nd.be\/es\/","title":{"rendered":"\u00a1Bienvenido a Banneux!"},"content":{"rendered":"<p style=\"text-align: justify;\">Desde el 15 de enero al 2 de marzo de 1933, la Virgen Mar\u00eda se le apareci\u00f3 8 veces a una ni\u00f1a de 11 a\u00f1os, Mariette Beco.<\/p>\n<p style=\"text-align: justify;\">El mensaje que Ella le dej\u00f3 contin\u00faa siendo relevante.<\/p>\n<p style=\"text-align: justify;\">Cada a\u00f1o, centenares y millares de peregrinos,vienen, solos o en grupos, especialmente para los Triduos de los enfermos, a confiar a la Nuestra Se\u00f1ora sus pobrezas, sus sufrimientos, sus penas, sus b\u00fasquedas. Vienen a encomendarse a la Madre del Salvador y a expresar su confianza y esperanza en Aqu\u00e9l que es la Fuente de toda gracia, Jesucristo.<\/p>\n<p style=\"text-align: justify;\">A\u00fan hoy, como lo hizo para Mariette, la Virgen de los Pobres conduce a cada peregrino de Banneux por el camino de la existencia. Ella la invita a <em>meter las manos en el agua<\/em> de la Fuente, para sacar de Jes\u00fas la verdadera Vida.<\/p>\n<p>\u00a1Bienvenido a Banneux!<\/p>\n<p><img fetchpriority=\"high\" decoding=\"async\" class=\"aligncenter wp-image-7757 size-full\" src=\"https:\/\/banneux-nd.be\/wp-content\/uploads\/2018\/05\/2018-05-01-Recteur-Leo-Palm.jpg\" alt=\"\" width=\"1200\" height=\"815\" srcset=\"https:\/\/banneux-nd.be\/wp-content\/uploads\/2018\/05\/2018-05-01-Recteur-Leo-Palm.jpg 1200w, https:\/\/banneux-nd.be\/wp-content\/uploads\/2018\/05\/2018-05-01-Recteur-Leo-Palm-300x204.jpg 300w, https:\/\/banneux-nd.be\/wp-content\/uploads\/2018\/05\/2018-05-01-Recteur-Leo-Palm-768x522.jpg 768w, https:\/\/banneux-nd.be\/wp-content\/uploads\/2018\/05\/2018-05-01-Recteur-Leo-Palm-1024x695.jpg 1024w\" sizes=\"(max-width: 1200px) 100vw, 1200px\" \/><\/p>\n<p style=\"text-align: right;\"><strong>Abad Leo Palm, Recteur<br \/>\n<\/strong><\/p>\n<hr>\n<h3 style=\"text-align: center;\">Banneux se encuentra a 25 km al dur de Lieja.<\/h3>\n<p><a title=\"Santuario de Banneux Notre-Dame\" href=\"https:\/\/goo.gl\/maps\/E84ttdD4Fm72\" target=\"_blank\" rel=\"noopener noreferrer\"><img decoding=\"async\" class=\"size-full wp-image-8859 aligncenter lazyload\" data-src=\"https:\/\/banneux-nd.be\/wp-content\/uploads\/Page_Accueil\/google-map-page-accueil.png\" alt=\"\" width=\"780\" height=\"502\" data-srcset=\"https:\/\/banneux-nd.be\/wp-content\/uploads\/Page_Accueil\/google-map-page-accueil.png 780w, https:\/\/banneux-nd.be\/wp-content\/uploads\/Page_Accueil\/google-map-page-accueil-300x193.png 300w, https:\/\/banneux-nd.be\/wp-content\/uploads\/Page_Accueil\/google-map-page-accueil-768x494.png 768w\" data-sizes=\"(max-width: 780px) 100vw, 780px\" src=\"data:image\/svg+xml;base64,PHN2ZyB3aWR0aD0iMSIgaGVpZ2h0PSIxIiB4bWxucz0iaHR0cDovL3d3dy53My5vcmcvMjAwMC9zdmciPjwvc3ZnPg==\" style=\"--smush-placeholder-width: 780px; --smush-placeholder-aspect-ratio: 780\/502;\" \/><\/a><\/p>\n","protected":false},"excerpt":{"rendered":"<p>Desde el 15 de enero al 2 de marzo de 1933, la Virgen Mar\u00eda se le apareci\u00f3 8 veces a una ni\u00f1a de 11 a\u00f1os, Mariette Beco. El mensaje que Ella le dej\u00f3 contin\u00faa siendo relevante. Cada a\u00f1o, centenares y millares de peregrinos,vienen, solos o en grupos, especialmente para los Triduos de los enfermos, a confiar a la Nuestra Se\u00f1ora sus pobrezas, sus sufrimientos, sus penas, sus b\u00fasquedas. Vienen a encomendarse a la Madre del Salvador y a expresar su confianza y esperanza en Aqu\u00e9l que es la Fuente de toda gracia, Jesucristo. A\u00fan hoy, como lo hizo para Mariette, la Virgen de los Pobres conduce a cada peregrino de Banneux por el camino de la existencia. Ella la invita [&hellip;]<\/p>\n","protected":false},"author":4,"featured_media":0,"parent":0,"menu_order":0,"comment_status":"closed","ping_status":"closed","template":"","meta":{"advgb_blocks_editor_width":"","advgb_blocks_columns_visual_guide":"","jetpack_post_was_ever_published":false,"footnotes":""},"class_list":["post-15638","page","type-page","status-publish","hentry"],"yoast_head":"<!-- This site is optimized with the Yoast SEO plugin v27.5 - https:\/\/yoast.com\/product\/yoast-seo-wordpress\/ -->\n<title>\u00a1Bienvenido a Banneux! - Banneux Notre-Dame<\/title>\n<meta name=\"description\" content=\"Desde el 15 de enero al 2 de marzo de 1933, la Virgen Mar\u00eda se le apareci\u00f3 8 veces a una ni\u00f1a de 11 a\u00f1os, Mariette B\u00e9co.El mensaje que Ella le dej\u00f3 contin\u00faa siendo de relevancia.\" \/>\n<meta name=\"robots\" content=\"index, follow, max-snippet:-1, max-image-preview:large, max-video-preview:-1\" \/>\n<link rel=\"canonical\" href=\"https:\/\/banneux-nd.be\/es\/\" \/>\n<meta property=\"og:locale\" content=\"es_ES\" \/>\n<meta property=\"og:type\" content=\"article\" \/>\n<meta property=\"og:title\" content=\"\u00a1Bienvenido a Banneux! - Banneux Notre-Dame\" \/>\n<meta property=\"og:description\" content=\"Desde el 15 de enero al 2 de marzo de 1933, la Virgen Mar\u00eda se le apareci\u00f3 8 veces a una ni\u00f1a de 11 a\u00f1os, Mariette B\u00e9co.El mensaje que Ella le dej\u00f3 contin\u00faa siendo de relevancia.\" \/>\n<meta property=\"og:url\" content=\"https:\/\/banneux-nd.be\/es\/\" \/>\n<meta property=\"og:site_name\" content=\"Banneux Notre-Dame\" \/>\n<meta property=\"article:publisher\" content=\"https:\/\/www.facebook.com\/NDBanneux\/\" \/>\n<meta property=\"og:image\" content=\"https:\/\/banneux-nd.be\/wp-content\/uploads\/2018\/05\/2018-05-01-Recteur-Leo-Palm.jpg\" \/>\n<meta name=\"twitter:card\" content=\"summary_large_image\" \/>\n<meta name=\"twitter:label1\" content=\"Tiempo de lectura\" \/>\n\t<meta name=\"twitter:data1\" content=\"1 minuto\" \/>\n<script type=\"application\/ld+json\" class=\"yoast-schema-graph\">{\"@context\":\"https:\\\/\\\/schema.org\",\"@graph\":[{\"@type\":\"WebPage\",\"@id\":\"https:\\\/\\\/banneux-nd.be\\\/es\\\/\",\"url\":\"https:\\\/\\\/banneux-nd.be\\\/es\\\/\",\"name\":\"\u00a1Bienvenido a Banneux! - Banneux Notre-Dame\",\"isPartOf\":{\"@id\":\"https:\\\/\\\/banneux-nd.be\\\/es\\\/#website\"},\"primaryImageOfPage\":{\"@id\":\"https:\\\/\\\/banneux-nd.be\\\/es\\\/#primaryimage\"},\"image\":{\"@id\":\"https:\\\/\\\/banneux-nd.be\\\/es\\\/#primaryimage\"},\"thumbnailUrl\":\"https:\\\/\\\/banneux-nd.be\\\/wp-content\\\/uploads\\\/2018\\\/05\\\/2018-05-01-Recteur-Leo-Palm.jpg\",\"datePublished\":\"2021-07-09T21:28:57+00:00\",\"description\":\"Desde el 15 de enero al 2 de marzo de 1933, la Virgen Mar\u00eda se le apareci\u00f3 8 veces a una ni\u00f1a de 11 a\u00f1os, Mariette B\u00e9co.El mensaje que Ella le dej\u00f3 contin\u00faa siendo de relevancia.\",\"breadcrumb\":{\"@id\":\"https:\\\/\\\/banneux-nd.be\\\/es\\\/#breadcrumb\"},\"inLanguage\":\"es\",\"potentialAction\":[{\"@type\":\"ReadAction\",\"target\":[\"https:\\\/\\\/banneux-nd.be\\\/es\\\/\"]}]},{\"@type\":\"ImageObject\",\"inLanguage\":\"es\",\"@id\":\"https:\\\/\\\/banneux-nd.be\\\/es\\\/#primaryimage\",\"url\":\"https:\\\/\\\/banneux-nd.be\\\/wp-content\\\/uploads\\\/2018\\\/05\\\/2018-05-01-Recteur-Leo-Palm.jpg\",\"contentUrl\":\"https:\\\/\\\/banneux-nd.be\\\/wp-content\\\/uploads\\\/2018\\\/05\\\/2018-05-01-Recteur-Leo-Palm.jpg\"},{\"@type\":\"BreadcrumbList\",\"@id\":\"https:\\\/\\\/banneux-nd.be\\\/es\\\/#breadcrumb\",\"itemListElement\":[{\"@type\":\"ListItem\",\"position\":1,\"name\":\"Accueil\",\"item\":\"https:\\\/\\\/banneux-nd.be\\\/es\\\/\"},{\"@type\":\"ListItem\",\"position\":2,\"name\":\"\u00a1Bienvenido a Banneux!\"}]},{\"@type\":\"WebSite\",\"@id\":\"https:\\\/\\\/banneux-nd.be\\\/es\\\/#website\",\"url\":\"https:\\\/\\\/banneux-nd.be\\\/es\\\/\",\"name\":\"Banneux Notre-Dame\",\"description\":\"Sanctuaire de la Vierge des Pauvres (Belgique)\",\"potentialAction\":[{\"@type\":\"SearchAction\",\"target\":{\"@type\":\"EntryPoint\",\"urlTemplate\":\"https:\\\/\\\/banneux-nd.be\\\/es\\\/?s={search_term_string}\"},\"query-input\":{\"@type\":\"PropertyValueSpecification\",\"valueRequired\":true,\"valueName\":\"search_term_string\"}}],\"inLanguage\":\"es\"}]}<\/script>\n<!-- \/ Yoast SEO plugin. -->","yoast_head_json":{"title":"\u00a1Bienvenido a Banneux! - Banneux Notre-Dame","description":"Desde el 15 de enero al 2 de marzo de 1933, la Virgen Mar\u00eda se le apareci\u00f3 8 veces a una ni\u00f1a de 11 a\u00f1os, Mariette B\u00e9co.El mensaje que Ella le dej\u00f3 contin\u00faa siendo de relevancia.","robots":{"index":"index","follow":"follow","max-snippet":"max-snippet:-1","max-image-preview":"max-image-preview:large","max-video-preview":"max-video-preview:-1"},"canonical":"https:\/\/banneux-nd.be\/es\/","og_locale":"es_ES","og_type":"article","og_title":"\u00a1Bienvenido a Banneux! - Banneux Notre-Dame","og_description":"Desde el 15 de enero al 2 de marzo de 1933, la Virgen Mar\u00eda se le apareci\u00f3 8 veces a una ni\u00f1a de 11 a\u00f1os, Mariette B\u00e9co.El mensaje que Ella le dej\u00f3 contin\u00faa siendo de relevancia.","og_url":"https:\/\/banneux-nd.be\/es\/","og_site_name":"Banneux Notre-Dame","article_publisher":"https:\/\/www.facebook.com\/NDBanneux\/","og_image":[{"url":"https:\/\/banneux-nd.be\/wp-content\/uploads\/2018\/05\/2018-05-01-Recteur-Leo-Palm.jpg","type":"","width":"","height":""}],"twitter_card":"summary_large_image","twitter_misc":{"Tiempo de lectura":"1 minuto"},"schema":{"@context":"https:\/\/schema.org","@graph":[{"@type":"WebPage","@id":"https:\/\/banneux-nd.be\/es\/","url":"https:\/\/banneux-nd.be\/es\/","name":"\u00a1Bienvenido a Banneux! - Banneux Notre-Dame","isPartOf":{"@id":"https:\/\/banneux-nd.be\/es\/#website"},"primaryImageOfPage":{"@id":"https:\/\/banneux-nd.be\/es\/#primaryimage"},"image":{"@id":"https:\/\/banneux-nd.be\/es\/#primaryimage"},"thumbnailUrl":"https:\/\/banneux-nd.be\/wp-content\/uploads\/2018\/05\/2018-05-01-Recteur-Leo-Palm.jpg","datePublished":"2021-07-09T21:28:57+00:00","description":"Desde el 15 de enero al 2 de marzo de 1933, la Virgen Mar\u00eda se le apareci\u00f3 8 veces a una ni\u00f1a de 11 a\u00f1os, Mariette B\u00e9co.El mensaje que Ella le dej\u00f3 contin\u00faa siendo de relevancia.","breadcrumb":{"@id":"https:\/\/banneux-nd.be\/es\/#breadcrumb"},"inLanguage":"es","potentialAction":[{"@type":"ReadAction","target":["https:\/\/banneux-nd.be\/es\/"]}]},{"@type":"ImageObject","inLanguage":"es","@id":"https:\/\/banneux-nd.be\/es\/#primaryimage","url":"https:\/\/banneux-nd.be\/wp-content\/uploads\/2018\/05\/2018-05-01-Recteur-Leo-Palm.jpg","contentUrl":"https:\/\/banneux-nd.be\/wp-content\/uploads\/2018\/05\/2018-05-01-Recteur-Leo-Palm.jpg"},{"@type":"BreadcrumbList","@id":"https:\/\/banneux-nd.be\/es\/#breadcrumb","itemListElement":[{"@type":"ListItem","position":1,"name":"Accueil","item":"https:\/\/banneux-nd.be\/es\/"},{"@type":"ListItem","position":2,"name":"\u00a1Bienvenido a Banneux!"}]},{"@type":"WebSite","@id":"https:\/\/banneux-nd.be\/es\/#website","url":"https:\/\/banneux-nd.be\/es\/","name":"Banneux Notre-Dame","description":"Sanctuaire de la Vierge des Pauvres (Belgique)","potentialAction":[{"@type":"SearchAction","target":{"@type":"EntryPoint","urlTemplate":"https:\/\/banneux-nd.be\/es\/?s={search_term_string}"},"query-input":{"@type":"PropertyValueSpecification","valueRequired":true,"valueName":"search_term_string"}}],"inLanguage":"es"}]}},"coauthors":[],"author_meta":{"author_link":"https:\/\/banneux-nd.be\/es\/author\/dreusdeille\/","display_name":"Anne-Elisabeth N\u00e8ve"},"relative_dates":{"created":"Publicado 5 a\u00f1os hace","modified":"Actualizado 5 a\u00f1os hace"},"absolute_dates":{"created":"Publicado el 9 de julio de 2021","modified":"Actualizado el 9 de julio de 2021"},"absolute_dates_time":{"created":"Publicado el 9 de julio de 2021 23:28","modified":"Actualizado el 9 de julio de 2021 23:28"},"featured_img_caption":"","featured_img":false,"series_order":"","jetpack_sharing_enabled":true,"_links":{"self":[{"href":"https:\/\/banneux-nd.be\/es\/wp-json\/wp\/v2\/pages\/15638","targetHints":{"allow":["GET"]}}],"collection":[{"href":"https:\/\/banneux-nd.be\/es\/wp-json\/wp\/v2\/pages"}],"about":[{"href":"https:\/\/banneux-nd.be\/es\/wp-json\/wp\/v2\/types\/page"}],"author":[{"embeddable":true,"href":"https:\/\/banneux-nd.be\/es\/wp-json\/wp\/v2\/users\/4"}],"replies":[{"embeddable":true,"href":"https:\/\/banneux-nd.be\/es\/wp-json\/wp\/v2\/comments?post=15638"}],"version-history":[{"count":0,"href":"https:\/\/banneux-nd.be\/es\/wp-json\/wp\/v2\/pages\/15638\/revisions"}],"wp:attachment":[{"href":"https:\/\/banneux-nd.be\/es\/wp-json\/wp\/v2\/media?parent=15638"}],"curies":[{"name":"wp","href":"https:\/\/api.w.org\/{rel}","templated":true}]}}

<p style="text-align: justify;">Desde el 15 de enero al 2 de marzo de 1933, la Virgen María se le apareció 8 veces a una niña de 11 años, Mariette Beco.</p>
<p style="text-align: justify;">El mensaje que Ella le dejó continúa siendo relevante.</p>
<p style="text-align: justify;">Cada año, centenares y millares de peregrinos,vienen, solos o en grupos, especialmente para los Triduos de los enfermos, a confiar a la Nuestra Señora sus pobrezas, sus sufrimientos, sus penas, sus búsquedas. Vienen a encomendarse a la Madre del Salvador y a expresar su confianza y esperanza en Aquél que es la Fuente de toda gracia, Jesucristo.</p>
<p style="text-align: justify;">Aún hoy, como lo hizo para Mariette, la Virgen de los Pobres conduce a cada peregrino de Banneux por el camino de la existencia. Ella la invita a <em>meter las manos en el agua</em> de la Fuente, para sacar de Jesús la verdadera Vida.</p>
<p>¡Bienvenido a Banneux!</p>
<p><img fetchpriority="high" decoding="async" class="aligncenter wp-image-7757 size-full" src="https://banneux-nd.be/wp-content/uploads/2018/05/2018-05-01-Recteur-Leo-Palm.jpg" alt="" width="1200" height="815" srcset="https://banneux-nd.be/wp-content/uploads/2018/05/2018-05-01-Recteur-Leo-Palm.jpg 1200w, https://banneux-nd.be/wp-content/uploads/2018/05/2018-05-01-Recteur-Leo-Palm-300x204.jpg 300w, https://banneux-nd.be/wp-content/uploads/2018/05/2018-05-01-Recteur-Leo-Palm-768x522.jpg 768w, https://banneux-nd.be/wp-content/uploads/2018/05/2018-05-01-Recteur-Leo-Palm-1024x695.jpg 1024w" sizes="(max-width: 1200px) 100vw, 1200px" /></p>
<p style="text-align: right;"><strong>Abad Leo Palm, Recteur<br />
</strong></p>
<hr>
<h3 style="text-align: center;">Banneux se encuentra a 25 km al dur de Lieja.</h3>
<p><a title="Santuario de Banneux Notre-Dame" href="https://goo.gl/maps/E84ttdD4Fm72" target="_blank" rel="noopener noreferrer"><img decoding="async" class="size-full wp-image-8859 aligncenter lazyload" data-src="https://banneux-nd.be/wp-content/uploads/Page_Accueil/google-map-page-accueil.png" alt="" width="780" height="502" data-srcset="https://banneux-nd.be/wp-content/uploads/Page_Accueil/google-map-page-accueil.png 780w, https://banneux-nd.be/wp-content/uploads/Page_Accueil/google-map-page-accueil-300x193.png 300w, https://banneux-nd.be/wp-content/uploads/Page_Accueil/google-map-page-accueil-768x494.png 768w" data-sizes="(max-width: 780px) 100vw, 780px" src="data:image/svg+xml;base64,PHN2ZyB3aWR0aD0iMSIgaGVpZ2h0PSIxIiB4bWxucz0iaHR0cDovL3d3dy53My5vcmcvMjAwMC9zdmciPjwvc3ZnPg==" style="--smush-placeholder-width: 780px; --smush-placeholder-aspect-ratio: 780/502;" /></a></p>

<p>Desde el 15 de enero al 2 de marzo de 1933, la Virgen María se le apareció 8 veces a una niña de 11 años, Mariette Beco. El mensaje que Ella le dejó continúa siendo relevante. Cada año, centenares y millares de peregrinos,vienen, solos o en grupos, especialmente para los Triduos de los enfermos, a confiar a la Nuestra Señora sus pobrezas, sus sufrimientos, sus penas, sus búsquedas. Vienen a encomendarse a la Madre del Salvador y a expresar su confianza y esperanza en Aquél que es la Fuente de toda gracia, Jesucristo. Aún hoy, como lo hizo para Mariette, la Virgen de los Pobres conduce a cada peregrino de Banneux por el camino de la existencia. Ella la invita [&hellip;]</p>

<!-- This site is optimized with the Yoast SEO plugin v27.5 - https://yoast.com/product/yoast-seo-wordpress/ -->
<title>¡Bienvenido a Banneux! - Banneux Notre-Dame</title>
<meta name="description" content="Desde el 15 de enero al 2 de marzo de 1933, la Virgen María se le apareció 8 veces a una niña de 11 años, Mariette Béco.El mensaje que Ella le dejó continúa siendo de relevancia." />
<meta name="robots" content="index, follow, max-snippet:-1, max-image-preview:large, max-video-preview:-1" />
<link rel="canonical" href="https://banneux-nd.be/es/" />
<meta property="og:locale" content="es_ES" />
<meta property="og:type" content="article" />
<meta property="og:title" content="¡Bienvenido a Banneux! - Banneux Notre-Dame" />
<meta property="og:description" content="Desde el 15 de enero al 2 de marzo de 1933, la Virgen María se le apareció 8 veces a una niña de 11 años, Mariette Béco.El mensaje que Ella le dejó continúa siendo de relevancia." />
<meta property="og:url" content="https://banneux-nd.be/es/" />
<meta property="og:site_name" content="Banneux Notre-Dame" />
<meta property="article:publisher" content="https://www.facebook.com/NDBanneux/" />
<meta property="og:image" content="https://banneux-nd.be/wp-content/uploads/2018/05/2018-05-01-Recteur-Leo-Palm.jpg" />
<meta name="twitter:card" content="summary_large_image" />
<meta name="twitter:label1" content="Tiempo de lectura" />
	<meta name="twitter:data1" content="1 minuto" />
<script type="application/ld+json" class="yoast-schema-graph">{"@context":"https:\/\/schema.org","@graph":[{"@type":"WebPage","@id":"https:\/\/banneux-nd.be\/es\/","url":"https:\/\/banneux-nd.be\/es\/","name":"¡Bienvenido a Banneux! - Banneux Notre-Dame","isPartOf":{"@id":"https:\/\/banneux-nd.be\/es\/#website"},"primaryImageOfPage":{"@id":"https:\/\/banneux-nd.be\/es\/#primaryimage"},"image":{"@id":"https:\/\/banneux-nd.be\/es\/#primaryimage"},"thumbnailUrl":"https:\/\/banneux-nd.be\/wp-content\/uploads\/2018\/05\/2018-05-01-Recteur-Leo-Palm.jpg","datePublished":"2021-07-09T21:28:57+00:00","description":"Desde el 15 de enero al 2 de marzo de 1933, la Virgen María se le apareció 8 veces a una niña de 11 años, Mariette Béco.El mensaje que Ella le dejó continúa siendo de relevancia.","breadcrumb":{"@id":"https:\/\/banneux-nd.be\/es\/#breadcrumb"},"inLanguage":"es","potentialAction":[{"@type":"ReadAction","target":["https:\/\/banneux-nd.be\/es\/"]}]},{"@type":"ImageObject","inLanguage":"es","@id":"https:\/\/banneux-nd.be\/es\/#primaryimage","url":"https:\/\/banneux-nd.be\/wp-content\/uploads\/2018\/05\/2018-05-01-Recteur-Leo-Palm.jpg","contentUrl":"https:\/\/banneux-nd.be\/wp-content\/uploads\/2018\/05\/2018-05-01-Recteur-Leo-Palm.jpg"},{"@type":"BreadcrumbList","@id":"https:\/\/banneux-nd.be\/es\/#breadcrumb","itemListElement":[{"@type":"ListItem","position":1,"name":"Accueil","item":"https:\/\/banneux-nd.be\/es\/"},{"@type":"ListItem","position":2,"name":"¡Bienvenido a Banneux!"}]},{"@type":"WebSite","@id":"https:\/\/banneux-nd.be\/es\/#website","url":"https:\/\/banneux-nd.be\/es\/","name":"Banneux Notre-Dame","description":"Sanctuaire de la Vierge des Pauvres (Belgique)","potentialAction":[{"@type":"SearchAction","target":{"@type":"EntryPoint","urlTemplate":"https:\/\/banneux-nd.be\/es\/?s={search_term_string}"},"query-input":{"@type":"PropertyValueSpecification","valueRequired":true,"valueName":"search_term_string"}}],"inLanguage":"es"}]}</script>
<!-- / Yoast SEO plugin. -->

Desde el 15 de enero al 2 de marzo de 1933, la Virgen María se le apareció 8 veces a una niña de 11 años, Mariette Béco.El mensaje que Ella le dejó continúa siendo de relevancia.

Anne-Elisabeth Nève

Publicado 5 años hace

Actualizado 5 años hace
