{"id":1456,"date":"2015-07-20T08:58:06","date_gmt":"2015-07-20T06:58:06","guid":{"rendered":"http:\/\/wwwwp.banneux-nd.be\/bedevaart\/"},"modified":"2017-12-23T19:51:37","modified_gmt":"2017-12-23T18:51:37","slug":"bedevaart","status":"publish","type":"page","link":"https:\/\/banneux-nd.be\/nl\/bedevaart\/","title":{"rendered":"Bedevaart"},"content":{"rendered":"<p class=\"rtejustify\">Banneux :\u00a0 lieu de p\u00e8lerinage international.\u00a0 Lors de la 3e\u00a0 Apparition, Marie d\u00e9clare : <em>Je suis venue pour toutes les Nations<\/em>.\u00a0 Depuis, les p\u00e8lerins n&#8217;ont cess\u00e9 d&#8217;afflluer \u00e0 Banneux.\u00a0 Ils viennent de tous les continents.\u00a0 Chacun peut d\u00e9poser dans le coeur de Marie ses souffrances et ses mercis.<\/p>\n<p class=\"rtejustify\"><img decoding=\"async\" style=\"width: 100%;\" src=\"https:\/\/banneux-nd.be\/wp-content\/uploads\/2017\/08\/Jeunes devant la maison Beco5.jpg\" alt=\"\" \/><\/p>\n<p class=\"rtejustify\">De fait, Marie nous fixe rendez-vous \u00e0 la source de Banneux, pour que nous poussions les mains dans l\u2019eau. Elle nous y invite \u00e0 la foi. Elle nous demande de prier beaucoup. Mais en plus, elle s\u2019investit : <em>Je viens soulager la souffrance !<\/em>, <em>Je prierai pour toi !<\/em>, <em>Je suis la M\u00e8re du Sauveur, M\u00e8re de Dieu<\/em>, autrement dit : si vous venez \u00e0 moi, je vous conduirai \u00e0 celui qui sauve en v\u00e9rit\u00e9 ! <em>Croyez en moi, et je croirai en vous ! <\/em><\/p>\n<p class=\"rtejustify\">Cette source, c\u2019est le c\u0153ur de Dieu. Ce c\u0153ur qui ne change pas parce qu\u2019il est constant dans l\u2019Amour. Ce c\u0153ur qui respire la v\u00e9rit\u00e9 et la paix. Ce c\u0153ur qui r\u00e9tablit la justice et qui accorde le pardon. Alors rendons-nous \u00e0 la source, et immergeons-nous tout entiers dans le c\u0153ur m\u00eame de Dieu ! Faisons n\u00f4tre le d\u00e9sir de Pierre lors du lavement des pieds par J\u00e9sus : <em>Pas seulement les pieds, Seigneur, mais aussi la t\u00eate et\u2026 tout !\u00a0 Car je veux avoir ma part avec toi ! <\/em><\/p>\n<p>Banneux, internationale bedevaartplaats. Gedurende de derde Verschijning verklaart Maria\u00a0: \u00ab\u00a0Ik ben gekomen voor alle Naties\u00a0\u00bb. Sindsdien hebben de bedevaartgangers het gewoon nooit opgegeven naar Banneux toe te stromen, afkomstig uit alle continenten. Iedereen kan in het hart van Maria zijn lijden of zijn erkentelijkheid neerleggen.<\/p>\n<p>&nbsp;<\/p>\n<p>Het is dus zo ; Maria maakt afspraak met ons bij de Bron van Banneux, opdat wij de handen in het water zouden steken. Ze nodigt ons uit te geloven, vraagt ons veel te bidden. Daarboven investeert ze zich persoonlijk\u00a0: \u00ab\u00a0Ik kom het lijden verlichten.\u00a0Ik ben de Moeder der Verlosser, Moeder Gods\u201d, in andere woorden : \u201cAls jullie naar mij toe komen, zal ik jullie leiden tot aan degene die in alle werkelijkheid bevrijdt. Geloof in mij, en ik zal in jullie geloven\u201d.<\/p>\n<p>&nbsp;<\/p>\n<p>Deze Bron is het Hart Gods. Dat Hart van waarheid en vrede brandt constant in de liefde, het herstelt de rechtvaardigheid en verleent vergifennis, het zal ook nooit veranderen. Laat ons maar naar de Bron gaan, en laat onszelf in het Hart Gods helemaal onderdompelen. Laat ons ook het verlangen van de apostel Petrus, als hij zijn voeten door Jezus moest laten wassen, ons toe\u00ebigenen : \u201cNiet alleen de voeten, Heer, maar ook mijn hoofd en al de rest ! Want ik wil deel hebben met jou !\u201d.<\/p>\n","protected":false},"excerpt":{"rendered":"<p>Banneux :\u00a0 lieu de p\u00e8lerinage international.\u00a0 Lors de la 3e\u00a0 Apparition, Marie d\u00e9clare : Je suis venue pour toutes les Nations.\u00a0 Depuis, les p\u00e8lerins n&#8217;ont cess\u00e9 d&#8217;afflluer \u00e0 Banneux.\u00a0 Ils viennent de tous les continents.\u00a0 Chacun peut d\u00e9poser dans le coeur de Marie ses souffrances et ses mercis. De fait, Marie nous fixe rendez-vous \u00e0 la source de Banneux, pour que nous poussions les mains dans l\u2019eau. Elle nous y invite \u00e0 la foi. Elle nous demande de prier beaucoup. Mais en plus, elle s\u2019investit : Je viens soulager la souffrance !, Je prierai pour toi !, Je suis la M\u00e8re du Sauveur, M\u00e8re de Dieu, autrement dit : si vous venez \u00e0 moi, je vous conduirai \u00e0 celui qui [&hellip;]<\/p>\n","protected":false},"author":2,"featured_media":0,"parent":0,"menu_order":0,"comment_status":"closed","ping_status":"closed","template":"","meta":{"advgb_blocks_editor_width":"","advgb_blocks_columns_visual_guide":"","jetpack_post_was_ever_published":false,"footnotes":""},"class_list":["post-1456","page","type-page","status-publish","hentry"],"yoast_head":"<!-- This site is optimized with the Yoast SEO plugin v27.5 - https:\/\/yoast.com\/product\/yoast-seo-wordpress\/ -->\n<title>Bedevaart - Banneux Notre-Dame<\/title>\n<meta name=\"robots\" content=\"index, follow, max-snippet:-1, max-image-preview:large, max-video-preview:-1\" \/>\n<link rel=\"canonical\" href=\"https:\/\/banneux-nd.be\/nl\/bedevaart\/\" \/>\n<meta property=\"og:locale\" content=\"nl_NL\" \/>\n<meta property=\"og:type\" content=\"article\" \/>\n<meta property=\"og:title\" content=\"Bedevaart - Banneux Notre-Dame\" \/>\n<meta property=\"og:description\" content=\"Banneux :\u00a0 lieu de p\u00e8lerinage international.\u00a0 Lors de la 3e\u00a0 Apparition, Marie d\u00e9clare : Je suis venue pour toutes les Nations.\u00a0 Depuis, les p\u00e8lerins n&#8217;ont cess\u00e9 d&#8217;afflluer \u00e0 Banneux.\u00a0 Ils viennent de tous les continents.\u00a0 Chacun peut d\u00e9poser dans le coeur de Marie ses souffrances et ses mercis. De fait, Marie nous fixe rendez-vous \u00e0 la source de Banneux, pour que nous poussions les mains dans l\u2019eau. Elle nous y invite \u00e0 la foi. Elle nous demande de prier beaucoup. Mais en plus, elle s\u2019investit : Je viens soulager la souffrance !, Je prierai pour toi !, Je suis la M\u00e8re du Sauveur, M\u00e8re de Dieu, autrement dit : si vous venez \u00e0 moi, je vous conduirai \u00e0 celui qui [&hellip;]\" \/>\n<meta property=\"og:url\" content=\"https:\/\/banneux-nd.be\/nl\/bedevaart\/\" \/>\n<meta property=\"og:site_name\" content=\"Banneux Notre-Dame\" \/>\n<meta property=\"article:publisher\" content=\"https:\/\/www.facebook.com\/NDBanneux\/\" \/>\n<meta property=\"article:modified_time\" content=\"2017-12-23T18:51:37+00:00\" \/>\n<meta property=\"og:image\" content=\"https:\/\/banneux-nd.be\/wp-content\/uploads\/2017\/08\/Jeunes%20devant%20la%20maison%20Beco5.jpg\" \/>\n<meta name=\"twitter:card\" content=\"summary_large_image\" \/>\n<meta name=\"twitter:label1\" content=\"Est. reading time\" \/>\n\t<meta name=\"twitter:data1\" content=\"2 minutes\" \/>\n<script type=\"application\/ld+json\" class=\"yoast-schema-graph\">{\"@context\":\"https:\\\/\\\/schema.org\",\"@graph\":[{\"@type\":\"WebPage\",\"@id\":\"https:\\\/\\\/banneux-nd.be\\\/nl\\\/bedevaart\\\/\",\"url\":\"https:\\\/\\\/banneux-nd.be\\\/nl\\\/bedevaart\\\/\",\"name\":\"Bedevaart - Banneux Notre-Dame\",\"isPartOf\":{\"@id\":\"https:\\\/\\\/banneux-nd.be\\\/nl\\\/#website\"},\"datePublished\":\"2015-07-20T06:58:06+00:00\",\"dateModified\":\"2017-12-23T18:51:37+00:00\",\"breadcrumb\":{\"@id\":\"https:\\\/\\\/banneux-nd.be\\\/nl\\\/bedevaart\\\/#breadcrumb\"},\"inLanguage\":\"nl-NL\",\"potentialAction\":[{\"@type\":\"ReadAction\",\"target\":[\"https:\\\/\\\/banneux-nd.be\\\/nl\\\/bedevaart\\\/\"]}]},{\"@type\":\"BreadcrumbList\",\"@id\":\"https:\\\/\\\/banneux-nd.be\\\/nl\\\/bedevaart\\\/#breadcrumb\",\"itemListElement\":[{\"@type\":\"ListItem\",\"position\":1,\"name\":\"Accueil\",\"item\":\"https:\\\/\\\/banneux-nd.be\\\/nl\\\/\"},{\"@type\":\"ListItem\",\"position\":2,\"name\":\"Bedevaart\"}]},{\"@type\":\"WebSite\",\"@id\":\"https:\\\/\\\/banneux-nd.be\\\/nl\\\/#website\",\"url\":\"https:\\\/\\\/banneux-nd.be\\\/nl\\\/\",\"name\":\"Banneux Notre-Dame\",\"description\":\"Sanctuaire de la Vierge des Pauvres (Belgique)\",\"potentialAction\":[{\"@type\":\"SearchAction\",\"target\":{\"@type\":\"EntryPoint\",\"urlTemplate\":\"https:\\\/\\\/banneux-nd.be\\\/nl\\\/?s={search_term_string}\"},\"query-input\":{\"@type\":\"PropertyValueSpecification\",\"valueRequired\":true,\"valueName\":\"search_term_string\"}}],\"inLanguage\":\"nl-NL\"}]}<\/script>\n<!-- \/ Yoast SEO plugin. -->","yoast_head_json":{"title":"Bedevaart - Banneux Notre-Dame","robots":{"index":"index","follow":"follow","max-snippet":"max-snippet:-1","max-image-preview":"max-image-preview:large","max-video-preview":"max-video-preview:-1"},"canonical":"https:\/\/banneux-nd.be\/nl\/bedevaart\/","og_locale":"nl_NL","og_type":"article","og_title":"Bedevaart - Banneux Notre-Dame","og_description":"Banneux :\u00a0 lieu de p\u00e8lerinage international.\u00a0 Lors de la 3e\u00a0 Apparition, Marie d\u00e9clare : Je suis venue pour toutes les Nations.\u00a0 Depuis, les p\u00e8lerins n&#8217;ont cess\u00e9 d&#8217;afflluer \u00e0 Banneux.\u00a0 Ils viennent de tous les continents.\u00a0 Chacun peut d\u00e9poser dans le coeur de Marie ses souffrances et ses mercis. De fait, Marie nous fixe rendez-vous \u00e0 la source de Banneux, pour que nous poussions les mains dans l\u2019eau. Elle nous y invite \u00e0 la foi. Elle nous demande de prier beaucoup. Mais en plus, elle s\u2019investit : Je viens soulager la souffrance !, Je prierai pour toi !, Je suis la M\u00e8re du Sauveur, M\u00e8re de Dieu, autrement dit : si vous venez \u00e0 moi, je vous conduirai \u00e0 celui qui [&hellip;]","og_url":"https:\/\/banneux-nd.be\/nl\/bedevaart\/","og_site_name":"Banneux Notre-Dame","article_publisher":"https:\/\/www.facebook.com\/NDBanneux\/","article_modified_time":"2017-12-23T18:51:37+00:00","og_image":[{"url":"https:\/\/banneux-nd.be\/wp-content\/uploads\/2017\/08\/Jeunes devant la maison Beco5.jpg","type":"","width":"","height":""}],"twitter_card":"summary_large_image","twitter_misc":{"Est. reading time":"2 minutes"},"schema":{"@context":"https:\/\/schema.org","@graph":[{"@type":"WebPage","@id":"https:\/\/banneux-nd.be\/nl\/bedevaart\/","url":"https:\/\/banneux-nd.be\/nl\/bedevaart\/","name":"Bedevaart - Banneux Notre-Dame","isPartOf":{"@id":"https:\/\/banneux-nd.be\/nl\/#website"},"datePublished":"2015-07-20T06:58:06+00:00","dateModified":"2017-12-23T18:51:37+00:00","breadcrumb":{"@id":"https:\/\/banneux-nd.be\/nl\/bedevaart\/#breadcrumb"},"inLanguage":"nl-NL","potentialAction":[{"@type":"ReadAction","target":["https:\/\/banneux-nd.be\/nl\/bedevaart\/"]}]},{"@type":"BreadcrumbList","@id":"https:\/\/banneux-nd.be\/nl\/bedevaart\/#breadcrumb","itemListElement":[{"@type":"ListItem","position":1,"name":"Accueil","item":"https:\/\/banneux-nd.be\/nl\/"},{"@type":"ListItem","position":2,"name":"Bedevaart"}]},{"@type":"WebSite","@id":"https:\/\/banneux-nd.be\/nl\/#website","url":"https:\/\/banneux-nd.be\/nl\/","name":"Banneux Notre-Dame","description":"Sanctuaire de la Vierge des Pauvres (Belgique)","potentialAction":[{"@type":"SearchAction","target":{"@type":"EntryPoint","urlTemplate":"https:\/\/banneux-nd.be\/nl\/?s={search_term_string}"},"query-input":{"@type":"PropertyValueSpecification","valueRequired":true,"valueName":"search_term_string"}}],"inLanguage":"nl-NL"}]}},"coauthors":[],"author_meta":{"author_link":"https:\/\/banneux-nd.be\/nl\/author\/adminfr\/","display_name":"adminFR"},"relative_dates":{"created":"Geplaatst 11 years geleden","modified":"Bijgewerkt 8 years geleden"},"absolute_dates":{"created":"Geplaatst op 07\/20\/2015","modified":"Bijgewerkt op 12\/23\/2017"},"absolute_dates_time":{"created":"Geplaatst op 07\/20\/2015 8 h 58 min","modified":"Bijgewerkt op 12\/23\/2017 19 h 51 min"},"featured_img_caption":"","featured_img":false,"series_order":"","jetpack_sharing_enabled":true,"_links":{"self":[{"href":"https:\/\/banneux-nd.be\/nl\/wp-json\/wp\/v2\/pages\/1456","targetHints":{"allow":["GET"]}}],"collection":[{"href":"https:\/\/banneux-nd.be\/nl\/wp-json\/wp\/v2\/pages"}],"about":[{"href":"https:\/\/banneux-nd.be\/nl\/wp-json\/wp\/v2\/types\/page"}],"author":[{"embeddable":true,"href":"https:\/\/banneux-nd.be\/nl\/wp-json\/wp\/v2\/users\/2"}],"replies":[{"embeddable":true,"href":"https:\/\/banneux-nd.be\/nl\/wp-json\/wp\/v2\/comments?post=1456"}],"version-history":[{"count":0,"href":"https:\/\/banneux-nd.be\/nl\/wp-json\/wp\/v2\/pages\/1456\/revisions"}],"wp:attachment":[{"href":"https:\/\/banneux-nd.be\/nl\/wp-json\/wp\/v2\/media?parent=1456"}],"curies":[{"name":"wp","href":"https:\/\/api.w.org\/{rel}","templated":true}]}}

<p class="rtejustify">Banneux :  lieu de pèlerinage international.  Lors de la 3e  Apparition, Marie déclare : <em>Je suis venue pour toutes les Nations</em>.  Depuis, les pèlerins n&#8217;ont cessé d&#8217;afflluer à Banneux.  Ils viennent de tous les continents.  Chacun peut déposer dans le coeur de Marie ses souffrances et ses mercis.</p>
<p class="rtejustify"><img decoding="async" style="width: 100%;" src="https://banneux-nd.be/wp-content/uploads/2017/08/Jeunes devant la maison Beco5.jpg" alt="" /></p>
<p class="rtejustify">De fait, Marie nous fixe rendez-vous à la source de Banneux, pour que nous poussions les mains dans l’eau. Elle nous y invite à la foi. Elle nous demande de prier beaucoup. Mais en plus, elle s’investit : <em>Je viens soulager la souffrance !</em>, <em>Je prierai pour toi !</em>, <em>Je suis la Mère du Sauveur, Mère de Dieu</em>, autrement dit : si vous venez à moi, je vous conduirai à celui qui sauve en vérité ! <em>Croyez en moi, et je croirai en vous ! </em></p>
<p class="rtejustify">Cette source, c’est le cœur de Dieu. Ce cœur qui ne change pas parce qu’il est constant dans l’Amour. Ce cœur qui respire la vérité et la paix. Ce cœur qui rétablit la justice et qui accorde le pardon. Alors rendons-nous à la source, et immergeons-nous tout entiers dans le cœur même de Dieu ! Faisons nôtre le désir de Pierre lors du lavement des pieds par Jésus : <em>Pas seulement les pieds, Seigneur, mais aussi la tête et… tout !  Car je veux avoir ma part avec toi ! </em></p>
<p>Banneux, internationale bedevaartplaats. Gedurende de derde Verschijning verklaart Maria : « Ik ben gekomen voor alle Naties ». Sindsdien hebben de bedevaartgangers het gewoon nooit opgegeven naar Banneux toe te stromen, afkomstig uit alle continenten. Iedereen kan in het hart van Maria zijn lijden of zijn erkentelijkheid neerleggen.</p>
<p>&nbsp;</p>
<p>Het is dus zo ; Maria maakt afspraak met ons bij de Bron van Banneux, opdat wij de handen in het water zouden steken. Ze nodigt ons uit te geloven, vraagt ons veel te bidden. Daarboven investeert ze zich persoonlijk : « Ik kom het lijden verlichten. Ik ben de Moeder der Verlosser, Moeder Gods”, in andere woorden : “Als jullie naar mij toe komen, zal ik jullie leiden tot aan degene die in alle werkelijkheid bevrijdt. Geloof in mij, en ik zal in jullie geloven”.</p>
<p>&nbsp;</p>
<p>Deze Bron is het Hart Gods. Dat Hart van waarheid en vrede brandt constant in de liefde, het herstelt de rechtvaardigheid en verleent vergifennis, het zal ook nooit veranderen. Laat ons maar naar de Bron gaan, en laat onszelf in het Hart Gods helemaal onderdompelen. Laat ons ook het verlangen van de apostel Petrus, als hij zijn voeten door Jezus moest laten wassen, ons toeëigenen : “Niet alleen de voeten, Heer, maar ook mijn hoofd en al de rest ! Want ik wil deel hebben met jou !”.</p>

<p>Banneux :  lieu de pèlerinage international.  Lors de la 3e  Apparition, Marie déclare : Je suis venue pour toutes les Nations.  Depuis, les pèlerins n&#8217;ont cessé d&#8217;afflluer à Banneux.  Ils viennent de tous les continents.  Chacun peut déposer dans le coeur de Marie ses souffrances et ses mercis. De fait, Marie nous fixe rendez-vous à la source de Banneux, pour que nous poussions les mains dans l’eau. Elle nous y invite à la foi. Elle nous demande de prier beaucoup. Mais en plus, elle s’investit : Je viens soulager la souffrance !, Je prierai pour toi !, Je suis la Mère du Sauveur, Mère de Dieu, autrement dit : si vous venez à moi, je vous conduirai à celui qui [&hellip;]</p>

<!-- This site is optimized with the Yoast SEO plugin v27.5 - https://yoast.com/product/yoast-seo-wordpress/ -->
<title>Bedevaart - Banneux Notre-Dame</title>
<meta name="robots" content="index, follow, max-snippet:-1, max-image-preview:large, max-video-preview:-1" />
<link rel="canonical" href="https://banneux-nd.be/nl/bedevaart/" />
<meta property="og:locale" content="nl_NL" />
<meta property="og:type" content="article" />
<meta property="og:title" content="Bedevaart - Banneux Notre-Dame" />
<meta property="og:description" content="Banneux :  lieu de pèlerinage international.  Lors de la 3e  Apparition, Marie déclare : Je suis venue pour toutes les Nations.  Depuis, les pèlerins n&#8217;ont cessé d&#8217;afflluer à Banneux.  Ils viennent de tous les continents.  Chacun peut déposer dans le coeur de Marie ses souffrances et ses mercis. De fait, Marie nous fixe rendez-vous à la source de Banneux, pour que nous poussions les mains dans l’eau. Elle nous y invite à la foi. Elle nous demande de prier beaucoup. Mais en plus, elle s’investit : Je viens soulager la souffrance !, Je prierai pour toi !, Je suis la Mère du Sauveur, Mère de Dieu, autrement dit : si vous venez à moi, je vous conduirai à celui qui [&hellip;]" />
<meta property="og:url" content="https://banneux-nd.be/nl/bedevaart/" />
<meta property="og:site_name" content="Banneux Notre-Dame" />
<meta property="article:publisher" content="https://www.facebook.com/NDBanneux/" />
<meta property="article:modified_time" content="2017-12-23T18:51:37+00:00" />
<meta property="og:image" content="https://banneux-nd.be/wp-content/uploads/2017/08/Jeunes%20devant%20la%20maison%20Beco5.jpg" />
<meta name="twitter:card" content="summary_large_image" />
<meta name="twitter:label1" content="Est. reading time" />
	<meta name="twitter:data1" content="2 minutes" />
<script type="application/ld+json" class="yoast-schema-graph">{"@context":"https:\/\/schema.org","@graph":[{"@type":"WebPage","@id":"https:\/\/banneux-nd.be\/nl\/bedevaart\/","url":"https:\/\/banneux-nd.be\/nl\/bedevaart\/","name":"Bedevaart - Banneux Notre-Dame","isPartOf":{"@id":"https:\/\/banneux-nd.be\/nl\/#website"},"datePublished":"2015-07-20T06:58:06+00:00","dateModified":"2017-12-23T18:51:37+00:00","breadcrumb":{"@id":"https:\/\/banneux-nd.be\/nl\/bedevaart\/#breadcrumb"},"inLanguage":"nl-NL","potentialAction":[{"@type":"ReadAction","target":["https:\/\/banneux-nd.be\/nl\/bedevaart\/"]}]},{"@type":"BreadcrumbList","@id":"https:\/\/banneux-nd.be\/nl\/bedevaart\/#breadcrumb","itemListElement":[{"@type":"ListItem","position":1,"name":"Accueil","item":"https:\/\/banneux-nd.be\/nl\/"},{"@type":"ListItem","position":2,"name":"Bedevaart"}]},{"@type":"WebSite","@id":"https:\/\/banneux-nd.be\/nl\/#website","url":"https:\/\/banneux-nd.be\/nl\/","name":"Banneux Notre-Dame","description":"Sanctuaire de la Vierge des Pauvres (Belgique)","potentialAction":[{"@type":"SearchAction","target":{"@type":"EntryPoint","urlTemplate":"https:\/\/banneux-nd.be\/nl\/?s={search_term_string}"},"query-input":{"@type":"PropertyValueSpecification","valueRequired":true,"valueName":"search_term_string"}}],"inLanguage":"nl-NL"}]}</script>
<!-- / Yoast SEO plugin. -->

Banneux :  lieu de pèlerinage international.  Lors de la 3e  Apparition, Marie déclare : Je suis venue pour toutes les Nations.  Depuis, les pèlerins n&#8217;ont cessé d&#8217;afflluer à Banneux.  Ils viennent de tous les continents.  Chacun peut déposer dans le coeur de Marie ses souffrances et ses mercis. De fait, Marie nous fixe rendez-vous à la source de Banneux, pour que nous poussions les mains dans l’eau. Elle nous y invite à la foi. Elle nous demande de prier beaucoup. Mais en plus, elle s’investit : Je viens soulager la souffrance !, Je prierai pour toi !, Je suis la Mère du Sauveur, Mère de Dieu, autrement dit : si vous venez à moi, je vous conduirai à celui qui [&hellip;]
